n base 2, what is -101101001 + 100010?
-101000111
In base 6, what is 3 + -412?
-405
In base 5, what is -11 - -1?
-10
In base 11, what is 1a + -4?
16
In base 13, what is 0 + -46?
-46
In base 10, what is -27 + 7?
-20
In base 14, what is 1 - 5a?
-59
In base 5, what is -31 + -13?
-44
In base 11, what is -4 + -167?
-170
In base 8, what is -2603 + 0?
-2603
In base 3, what is -12121221 - 2?
-12122000
In base 11, what is -171 + 3?
-169
In base 10, what is -2 - -518?
516
In base 8, what is 3 + 15?
20
In base 16, what is -7 + -26f?
-276
In base 15, what is -bc7 + -2?
-bc9
In base 16, what is -697 + 4?
-693
In base 8, what is -21 + -5?
-26
In base 11, what is 7 + -2189?
-2182
In base 12, what is -133 - -2?
-131
In base 15, what is 60 + a?
6a
In base 2, what is 100001011 - -11?
100001110
In base 14, what is 1 + 1406?
1407
In base 16, what is 1b4 - -4?
1b8
In base 11, what is 8283 + 4?
8287
In base 2, what is -100101000 - -10011?
-100010101
In base 16, what is -1 + -25?
-26
In base 9, what is 1 + -63?
-62
In base 16, what is -4 + 18?
14
In base 14, what is -5 + d5?
d0
In base 8, what is -44 + 0?
-44
In base 8, what is 372 - 4?
366
In base 5, what is -21413 - 1?
-21414
In base 9, what is 5 + 35?
41
In base 6, what is -1 + 140?
135
In base 7, what is 5625 + 0?
5625
In base 3, what is -10 - 2211221?
-2212001
In base 6, what is -4 - -134?
130
In base 2, what is -101101 - 0?
-101101
In base 8, what is -2 + -66?
-70
In base 2, what is 1 - 11001100110?
-11001100101
In base 3, what is -20201210 + 1?
-20201202
In base 8, what is 35745 + 2?
35747
In base 11, what is 189 - 22?
167
In base 9, what is -20 - -280?
260
In base 16, what is -337 + 4?
-333
In base 3, what is -1 - -20021211?
20021210
In base 4, what is 1101 + 3?
1110
In base 16, what is -1723 + -4?
-1727
In base 12, what is -2 + -13?
-15
In base 4, what is -1022 + -222?
-1310
In base 6, what is 0 - -30?
30
In base 2, what is 1111 - 11111100?
-11101101
In base 8, what is -5 + 416?
411
In base 6, what is 5 + 105?
114
In base 8, what is 326 + -5?
321
In base 14, what is 262d - 4?
2629
In base 4, what is -3210 - -313?
-2231
In base 11, what is -8431 - 5?
-8436
In base 16, what is 1 + -7?
-6
In base 14, what is 2 - -115?
117
In base 16, what is 2 - 628?
-626
In base 2, what is 1110111 + -1?
1110110
In base 3, what is 12 + -1201?
-1112
In base 9, what is 0 + -64?
-64
In base 2, what is 1010 - -11000?
100010
In base 15, what is 664 + 10?
674
In base 3, what is 2211 - -2?
2220
In base 3, what is -222 - 20111?
-21110
In base 5, what is -3 - 141?
-144
In base 6, what is -5 - 314?
-323
In base 11, what is -1 - 44?
-45
In base 7, what is 5 - -1262?
1300
In base 14, what is 6 + -5c?
-56
In base 13, what is 551a - 3?
5517
In base 12, what is -6b30 + 4?
-6b28
In base 3, what is -1001112210 + 0?
-1001112210
In base 5, what is 43 - 210?
-112
In base 13, what is -1a + -2b6?
-303
In base 16, what is 1 - -b75?
b76
In base 10, what is 436 + -1?
435
In base 13, what is 1 - -19?
1a
In base 3, what is -11 + 11122?
11111
In base 16, what is 2 - 177?
-175
In base 15, what is 3 + -61?
-5d
In base 7, what is -1 - -126?
125
In base 9, what is 65071 + -2?
65068
In base 4, what is 0 + -3103?
-3103
In base 13, what is -3 + 7c?
79
In base 4, what is 310 + 232?
1202
In base 5, what is -4 + 100?
41
In base 7, what is 136 - 425?
-256
In base 14, what is 726 + -1?
725
In base 7, what is 36 - -6?
45
In base 14, what is 1 - 71?
-70
In base 12, what is 4 + 324?
328
In base 5, what is -1242 + -3?
-1300
In base 15, what is -2 - -1b5?
1b3
In base 3, what is -111 - -12?
-22
In base 11, what is 487a + -3?
4877
In base 10, what is 1818 + 0?
1818
In base 5, what is -3 - -130?
122
In base 15, what is 507 - -1?
508
In base 11, what is 0 + -225?
-225
In base 16, what is 3 - 21?
-1e
In base 14, what is 5 - 37?
-32
In base 14, what is 9 + 23?
2c
In base 7, what is 32630 - 2?
32625
In base 3, what is -1 - 2021?
-2022
In base 5, what is -10 + -2?
-12
In base 7, what is -21 + 65?
44
In base 2, what is 101 + -100100101?
-100100000
In base 7, what is 5422 - 0?
5422
In base 9, what is -2 - -384?
382
In base 11, what is -6 + -56?
-61
In base 15, what is -3 - 1eb?
-1ee
In base 11, what is -813 - 0?
-813
In base 11, what is 34 - 35?
-1
In base 13, what is -346 + 7?
-33c
In base 5, what is 303234 + -4?
303230
In base 6, what is 205 - 3?
202
In base 8, what is 23366 + 0?
23366
In base 8, what is 105 + 0?
105
In base 16, what is -2 - 5?
-7
In base 2, what is -100 - 110000010?
-110000110
In base 6, what is 452 + 4?
500
In base 16, what is 7b + -3?
78
In base 6, what is -5 + -4330?
-4335
In base 13, what is -5 - 13b?
-143
In base 9, what is 4 + 1156?
1161
In base 15, what is 7 + 21?
28
In base 4, what is 3 - 2333?
-2330
In base 11, what is -4 + 10?
7
In base 13, what is 111 - -16?
127
In base 10, what is -53 + 10?
-43
In base 4, what is 1212 - 3?
1203
In base 10, what is 3 + 2876?
2879
In base 8, what is -1271 + 11?
-1260
In base 9, what is -314 - 12?
-326
In base 13, what is 9529 - 1?
9528
In base 8, what is -2026 + -4?
-2032
In base 3, what is -10 - 110?
-120
In base 11, what is -178 + -4?
-181
In base 10, what is -92 + -1?
-93
In base 10, what is 1 - -86?
87
In base 2, what is -100110110 + 1110?
-100101000
In base 4, what is 2 - 1003311?
-1003303
In base 4, what is 13332 - -3?
20001
In base 9, what is -40 - 44?
-84
In base 4, what is -10 + -22?
-32
In base 6, what is 31 - 11?
20
In base 11, what is 239 + -2?
237
In base 9, what is -4 - 575?
-580
In base 15, what is 4d - ac?
-5e
In base 15, what is -2 + -694?
-696
In base 15, what is -6 + -dd?
-e4
In base 4, what is 1 - -11313?
11320
In base 2, what is 1111110000 - 1?
1111101111
In base 12, what is -65a + 3?
-657
In base 7, what is 4 + 21?
25
In base 4, what is 330 - 1030?
-100
In base 16, what is 5 - -5b?
60
In base 7, what is -11 + 466?
455
In base 7, what is 5 + -424?
-416
In base 5, what is -1 + -42323?
-42324
In base 9, what is -101 + -71?
-172
In base 6, what is 311 + 0?
311
In base 7, what is 3 + -101?
-65
In base 14, what is -6 + -2d?
-35
In base 14, what is 6c - -12?
80
In base 4, what is 10 + -232?
-222
In base 16, what is -2 + -2b?
-2d
In base 4, what is 1102 + -30?
1012
In base 16, what is -a14 - -3?
-a11
In base 4, what is 11 - -1030?
1101
In base 12, what is 92 + -1?
91
In base 7, what is 110 + 0?
110
In base 11, what is -1 - 69a?
-6a0
In base 14, what is -443 + 5?
-43c
In base 7, what is 4 - -2410?
2414
In base 8, what is 2 + -67?
-65
In base 15, what is -5 - -353?
34d
In base 12, what is -205 - -2?
-203
In base 8, what is -2 + 116?
114
In base 13, what is -2 + 336?
334
In base 7, what is 334 - -4?
341
In base 14, what is -4 - 790?
-794
In base 13, what is 1254 + 4?
1258
In base 9, what is 12 + 21?
33
In base 10, what is 998 - -4?
1002
In base 15, what is 85 + 5?
8a
In base 5, what is -3 - -2232?
2224
In base 15, what is -217 - 1d?
-235
In base 7, what is 1052 - -5?
1060
In base 3, what is 10 + -2012010?
-2012000
In base 5, what is -111 + -12?
-123
In base 14, what is 3 - 24a?
-247
In base 9, what is 10307 + -2?
10305
In base 8, what is -16 + -345?
-363
In base 12, what is 2 + -263b?
-2639
In base 4, what is 3 - 1123?
-1120
In base 3, what is 121 + 211?
1102
In base 2, what is -1011011111 - -1?
-1011011110
In base 11, what is -3 + 104?
101
In base 10, what is 0 - -96?
96
In base 16, what is -5 - ec?
-f1
In base 9, what is -1062 - -4?
-1057
In base 5, what is 230 + -31?
144
In base 4, what is 101300 + -2?
101232
In base 8, what is -20 + -60?
-100
In base 3, what is 12 + -110110?
-110021
In base 4, what is -1013300 - 3?
-1013303
In base 15, what is 3 - -97?
9a
In base 5, what is -1331 - -10?
-1321
In base 10, what is -331 - -2?
-329
In base 7, what is -422 + -6?
-431
In base 6, what is 4 + 122?
130
In base 6, what is 11221 + 0?
11221
In base 7, what is 2256 + 1?
2260
In base 14, what is -b9d - 2?
-ba1
In base 2, what is -1100010 + 11010?
-1001000
In base 4, what is 100 - -13?
113
In base 13, what is -ac - -c?
-a0
In base 2, what is 100011001101 - 1?
100011001100
In base 7, what is -263 + -1?
-264
In base 12, what is 1ba + a?
208
In base 4, what is 3 + 1032?
1101
In base 6, what is -15 - -23?
4
In base 8, what is -3 - 13075?
-13100
In base 10, what is 136 + 2?
138
In base 3, what is 112 - -120?
1002
In b